e factors of (10/u)/(2/(-282)*-1)?
47
Suppose -5*i - 2*l = -0*l - 39276, i - 7845 = 3*l. Suppose -8*g = -25*g + i. List the prime factors of g.
2, 3, 7, 11
Let r be 47/(2 - ((-325)/(-55) + -4)). Suppose -r = -60*w + 59*w. List the prime factors of w.
11, 47
Suppose -12*q + 318644 + 248260 = 0. What are the prime factors of q?
2, 13, 23, 79
List the prime factors of (-28)/((-70425)/(-5418) - 13).
2, 7, 43
Let c be (0/(-2) + 0)/(6/6). Suppose 10 = 2*l - 4*f - c, 0 = -2*l - 4*f + 26. Suppose 3*w = l*w - 408. List the prime factors of w.
2, 17
What are the prime factors of 1676 + (-1 - 7/1)?
2, 3, 139
Let j = 28 + -5. Suppose 5675 = j*r - 13369. What are the prime factors of r?
2, 3, 23
Suppose 0 = -22*a + 18*a + 5824. Suppose -9*h - a = -9178. What are the prime factors of h?
2, 3, 11, 13
Let k(z) = 5942*z**3 - 26*z + 25. List the prime factors of k(1).
13, 457
Let d = -542 - -1385. Let y = d - 627. List the prime factors of y.
2, 3
Suppose -j = 2*j - 3*t + 24, t = 5*j + 40. List the prime factors of -3 - ((-9 - j) + -1194).
2, 149
What are the prime factors of (11 + (-2584)/(-24))/((-1)/(-237))?
2, 79, 89
Let a = 4 + -1. Let l(h) = -h + 5. Let w be l(a). Suppose -282 = -5*r - w*g, 4*r + g - 216 = -3*g. List the prime factors of r.
2, 29
Let c = -18 + 26. Let l = c + 3. Suppose 0 = -l*r + 9*r + 8. What are the prime factors of r?
2
Suppose -2*r = 146 + 98. Let i = 191 + r. List the prime factors of i.
3, 23
Let m be ((-2)/(-5))/((-208)/(-100) - 2). Suppose 0 = -m*j, j = 2*z - 1122 - 560. List the prime factors of z.
29
Let i(g) = 378*g - 216. Let j be i(10). Suppose -j = -5*w - 6*r + 4*r, r = -3*w + 2138. What are the prime factors of w?
2, 89
What are the prime factors of (-1 - (-28472)/12)*405/225?
3, 1423
Let f be (-6 - -9)/(1/4). Let s = f + -34. Let y = 93 + s. List the prime factors of y.
71
Let g = -25 + 25. Let n be (8 - -4) + (3 - (0 - g)). List the prime factors of (1 - -2)*n/5.
3
What are the prime factors of (-5443)/((-1501)/(-190) - 8)?
2, 5, 5443
Suppose 41*p - 37176 = -41*p + 35722. List the prime factors of p.
7, 127
Suppose 60*z + 99*z = 765108. What are the prime factors of z?
2, 3, 401
Let s be ((924/55)/14)/(4/(-130)). Let w(z) = z**3 + 39*z**2 + z + 83. List the prime factors of w(s).
2, 11
Suppose -4*t - 24 = -28. Let m be 20/5 + -2 + (4 - t). Suppose -46 = m*f - 81. List the prime factors of f.
7
Let u be (-4)/14 - 4/(-14) - -2. Let v be (1/(-8) - 100/(-32)) + u. Suppose 0 = v*f + 64 - 829. List the prime factors of f.
3, 17
Suppose -6*i - 27 = -21. List the prime factors of -1*(-4)/2*-254*i.
2, 127
Let r be (225/10)/(-3)*(-1 + -1). List the prime factors of 2*(15851/30 + 2/r).
7, 151
Suppose -f + 23 + 22 = 0. List the prime factors of -2 + (f/(-10))/((-6)/368).
2, 137
Let a = 9687 - 6451. List the prime factors of a.
2, 809
Suppose -229*o + 198*o + 4495 = 0. What are the prime factors of o?
5, 29
Let l be (-2)/(-3)*-29*72/(-48). Let a = 14 - l. List the prime factors of (174/a)/(10/(-175)).
7, 29
Suppose -m = -4*s - 195, -4*s = -2*m - 2*m + 204. Let v = s - -51. Suppose -k + w + 375 = v*k, -4*k = w - 369. What are the prime factors of k?
3, 31
Let k(p) = p**2 - 7*p - 38. Let o be 6*2/4 - 13. Let h be k(o). Suppose -18*y + 14*y = -h. What are the prime factors of y?
3, 11
Let o = -893 - -526. Let w = -139 - o. List the prime factors of w.
2, 3, 19
Let v(c) be the first derivative of -c**2/2 - c - 14. Let j be v(-4). Suppose -j*a - 6 = 0, 0*p - 2*a = p - 29. List the prime factors of p.
3, 11
List the prime factors of (363/22 + 18)*168.
2, 3, 7, 23
Let j(p) = 47*p**2 + 41*p - 531. List the prime factors of j(9).
3, 5
Let k(o) = -5*o**3 + 5*o + 2. Let q(p) = p**3 + p**2 - 2. Let a(c) = -k(c) - 6*q(c). What are the prime factors of a(-7)?
2, 47
Let y(d) = -141*d**2 + 5*d + 4*d + 146*d**2 + 14. Let h(f) = -f**2 + f + 1. Let k(v) = 4*h(v) + y(v). What are the prime factors of k(-23)?
2, 31
Let f = 39010 - 26400. What are the prime factors of f?
2, 5, 13, 97
Let f(w) = 176*w**2 - 106*w + 302. List the prime factors of f(19).
2, 3, 7, 23
Let z = -33596 - -44092. What are the prime factors of z?
2, 41
List the prime factors of -53 - -32654 - (-8 - -6)/((-2)/5).
2, 29, 281
Suppose -160*j + 158*j = 556. Let w = j + 480. What are the prime factors of w?
2, 101
Let s(z) = 5*z**2 - 108*z - 1821. What are the prime factors of s(-91)?
2, 11, 1123
Let s be 4/(-14) - ((-4420)/35 + -8). Let i = s - -27. What are the prime factors of i?
7, 23
Let y(d) = 112*d**2 - 136*d - 1153. List the prime factors of y(-26).
5, 15619
Let h(r) = -19*r + 3 + 0*r**2 - r**2 + 2. Suppose -25*w + 27*w = -36. List the prime factors of h(w).
23
Let n = -47 + 49. Let a = 0 + n. Let j(g) = 27*g**2 + 2*g + 1. What are the prime factors of j(a)?
113
Let n = -10 + 7. Let l = -3 + 8. List the prime factors of n + 52 + (-10)/l.
47
Let n(l) = 653*l**2 + 187*l + 2. What are the prime factors of n(-7)?
2, 3, 5, 11, 31
Suppose -2*n + 45 = n + 3*g, 0 = n - 3*g - 19. Let i = n - -280. List the prime factors of i.
2, 37
Let r(p) = -p**3 + p**2 + 7*p + 2. Let d be r(3). Suppose 4*y + 3*u - 166 = 0, -d*u - 85 = -4*y + 97. Suppose -4*a = -73 - y. List the prime factors of a.
29
Suppose -3*d = 2*h + 17, h + h + 2*d = -20. Let l(k) = -3*k - 35. Let v be l(h). List the prime factors of 1010/v + 42/(-28).
251
Let c(v) = -2*v**3 + 27*v**2 + 16*v - 7. Let u be ((-9)/6)/(345/(-84) - -4). Let o be c(u). What are the prime factors of 1 + o/(-12) + (-1981)/(-28)?
2, 5, 7
Let l be -6 + (-5 - 142/(-2)). List the prime factors of 9675/l - 1/4.
7, 23
Let k be (-2 - 3)/(1*(-2)/54). Let z = k - 2. List the prime factors of z.
7, 19
Suppose 0 = 5*m + 3*d + 17, -14 = -0*m - 2*m + 4*d. Let a(n) = -43*n**3 + n**2 + n + 1. Let y be a(m). What are the prime factors of ((-11)/y)/((-1)/284)?
71
Suppose 4*o - 3*o - 3 = 0. Suppose o*a + 455 - 2195 = 0. Suppose -a = -2*l - 3*l. List the prime factors of l.
2, 29
Let s = -12927 - -22818. List the prime factors of s.
3, 7, 157
Suppose 3*b - b - 10 = 0. Suppose b*i + 0*i = 2*l + 1440, i = l + 288. Suppose 4*d = -0*d + i. List the prime factors of d.
2, 3
Let m be -5 - (-105)/33 - 8/44. List the prime factors of 4/(-10)*m/(24/51420).
2, 857
Let q be 50 - (1 - 0) - 2. Let f = -438 + 444. What are the prime factors of (f/(-6) - q)/((-2)/8)?
2, 3
Let a(t) = 348*t**3 - 2*t**2 - 7*t + 90. What are the prime factors of a(4)?
2, 3, 7, 59
List the prime factors of (3 + 115/(-40) + (-21868)/(-32))*2.
1367
Let t = -792 + 794. List the prime factors of t/11 - 1519362/(-858).
7, 11, 23
Let b(g) = g**3 + 13*g**2 - 19*g - 13. Let a be b(7). Let k = -308 + a. What are the prime factors of k?
2, 263
What are the prime factors of 158/(-1501) - (-1)/((-19)/(-397691))?
3, 6977
Suppose 0 = -m + 3 - 30. List the prime factors of m/54 + (-690)/(-4).
2, 43
Let z be -5 + (45 + -4 + 3 - -3). List the prime factors of (2 - z/8)/((-21)/2940).
5, 7, 13
Let i(y) = -y**3 - 4*y**2 - 5*y - 2. Let f be i(-3). Suppose 0*m - 5*m = 15. What are the prime factors of 25 + f + m + 3?
29
Let d(k) = 3*k + 8 + 5*k + 10*k. Let h(y) = y**3 - 6*y**2 + 2*y - 7. Let t be h(6). List the prime factors of d(t).
2, 7
Suppose 5*i - 6*p + 225 = -2*p, 5*i + 225 = p. What are the prime factors of 533/(((-2)/(-6))/((-15)/i))?
13, 41
Let w be 3432/(-6)*(0 - 2). Suppose 60*f + w = 62*f. List the prime factors of f.
2, 11, 13
List the prime factors of -472*(144/(-1224) - 525/17).
2, 31, 59
Let m = -90 - -43. Let x = m - -52. Suppose 5*a = 2*w + 393, -x*a + w - 5*w + 399 = 0. What are the prime factors of a?
79
Suppose 10*c + 12 = 4*c. Let a(t) = -48*t**2 - 9*t - 6. Let n(z) = 48*z**2 + 8*z + 6. Let k(o) = 3*a(o) + 4*n(o). What are the prime factors of k(c)?
2, 47
List the prime factors of (-423)/(-1128) - (-104586)/16.
3, 2179
Suppose 20 = 2*a + 10. Suppose -5*y + 3*k + 2019 = 0, a*y + 4*k + 478 = 2476. List the prime factors of y.
2, 3, 67
Suppose 64 = -7*a + 3*a. Suppose 13*d + 81 = 94*d. List the prime factors of (-4)/1 - (d + a).
11
Let m(s) be the second derivative of s**4/3 - s**3/6 - 2*s**2 + 14*s. Let n be m(2). Suppose -9*l = -n*l + 17. List the prime factors of l.
17
Let q(l) = -l**2 - 12*l - 62. Let s be q(-7). Let a(h) = -53*h + 107. List the prime factors of a(s).
2, 769
Let d = -8401 - -22198. List t